{"id":10,"date":"2017-08-21T21:27:10","date_gmt":"2017-08-21T19:27:10","guid":{"rendered":"http:\/\/localhost:8181\/?page_id=10"},"modified":"2026-03-19T08:30:31","modified_gmt":"2026-03-19T07:30:31","slug":"startseite","status":"publish","type":"page","link":"https:\/\/www.hsg-werratal05.de\/","title":{"rendered":"Startseite"},"content":{"rendered":"\n<h2 class=\"wp-block-heading\">Liebe Fans, Mitglieder und <br>Freunde des Handballs im Werratal,<\/h2>\n\n\n\n<p class=\"has-text-align-center has-luminous-vivid-amber-background-color has-text-color has-background\" style=\"color:#5c5454\"><strong>Heimspielwochenende<\/strong><\/p>\n\n\n\n<figure class=\"wp-block-image size-full\"><img loading=\"lazy\" decoding=\"async\" width=\"622\" height=\"837\" src=\"https:\/\/i0.wp.com\/www.hsg-werratal05.de\/wp-content\/uploads\/2026\/03\/Screenshot-2026-03-19-082721.jpg?resize=622%2C837&#038;ssl=1\" alt=\"\" class=\"wp-image-1472\" srcset=\"https:\/\/i0.wp.com\/www.hsg-werratal05.de\/wp-content\/uploads\/2026\/03\/Screenshot-2026-03-19-082721.jpg?w=622&amp;ssl=1 622w, https:\/\/i0.wp.com\/www.hsg-werratal05.de\/wp-content\/uploads\/2026\/03\/Screenshot-2026-03-19-082721.jpg?resize=223%2C300&amp;ssl=1 223w\" sizes=\"auto, (max-width: 622px) 100vw, 622px\" data-recalc-dims=\"1\" \/><\/figure>\n\n\n\n<p class=\"has-luminous-vivid-amber-background-color has-text-color has-background\" style=\"color:#5c5454\"><strong>Minis suchen Verst\u00e4rkung!<\/strong><\/p>\n\n\n\n<div class=\"wp-block-media-text is-stacked-on-mobile\"><figure class=\"wp-block-media-text__media\"><img loading=\"lazy\" decoding=\"async\" width=\"610\" height=\"1024\" src=\"https:\/\/i0.wp.com\/www.hsg-werratal05.de\/wp-content\/uploads\/2024\/10\/20241007_162909.jpg?resize=610%2C1024&#038;ssl=1\" alt=\"\" class=\"wp-image-1249 size-full\" data-recalc-dims=\"1\"\/><\/figure><div class=\"wp-block-media-text__content\">\n<p><strong><br><\/strong>Unsere j\u00fcngsten Handballer der HSG Werratal 05 suchen Verst\u00e4rkung. Mitmachen k\u00f6nnen M\u00e4dchen und Jungen im Alter ab 4 Jahren. Einmal die Woche findet montags um 15:30 Uhr f\u00fcr eine Stunde Training bei unserer Claudia statt.<br><strong><br><\/strong>Wer also gerne einmal zu einem Schnuppertraining kommen m\u00f6chte, kann gerne im Sportzentrum Breitungen vorbeischauen. Unsere Minis freuen sich \u00fcber neue Handballfreunde.<\/p>\n\n\n\n<p>Interessierte k\u00f6nnen sich gerne telefonisch bei Claudia melden unter: 0170 \/ 846 2089 \ud83d\udda4\ud83d\udc9b<\/p>\n<\/div><\/div>\n\n\n\n<p><\/p>\n\n\n\n<p><\/p>\n\n\n\n<p><\/p>\n\n\n\n<p><\/p>\n\n\n\n<p><\/p>\n\n\n\n<p><\/p>\n","protected":false},"excerpt":{"rendered":"<p>Liebe Fans, Mitglieder und Freunde des Handballs im Werratal, Heimspielwochenende Minis suchen Verst\u00e4rkung! Unsere j\u00fcngsten Handballer der HSG Werratal 05 suchen Verst\u00e4rkung. Mitmachen k\u00f6nnen M\u00e4dchen und Jungen im Alter ab 4 Jahren. Einmal die Woche findet montags um 15:30 Uhr<\/p>\n","protected":false},"author":1,"featured_media":0,"parent":0,"menu_order":0,"comment_status":"closed","ping_status":"closed","template":"","meta":{"footnotes":""},"class_list":["post-10","page","type-page","status-publish","hentry"],"jetpack_sharing_enabled":true,"_links":{"self":[{"href":"https:\/\/www.hsg-werratal05.de\/index.php?rest_route=\/wp\/v2\/pages\/10","targetHints":{"allow":["GET"]}}],"collection":[{"href":"https:\/\/www.hsg-werratal05.de\/index.php?rest_route=\/wp\/v2\/pages"}],"about":[{"href":"https:\/\/www.hsg-werratal05.de\/index.php?rest_route=\/wp\/v2\/types\/page"}],"author":[{"embeddable":true,"href":"https:\/\/www.hsg-werratal05.de\/index.php?rest_route=\/wp\/v2\/users\/1"}],"replies":[{"embeddable":true,"href":"https:\/\/www.hsg-werratal05.de\/index.php?rest_route=%2Fwp%2Fv2%2Fcomments&post=10"}],"version-history":[{"count":211,"href":"https:\/\/www.hsg-werratal05.de\/index.php?rest_route=\/wp\/v2\/pages\/10\/revisions"}],"predecessor-version":[{"id":1473,"href":"https:\/\/www.hsg-werratal05.de\/index.php?rest_route=\/wp\/v2\/pages\/10\/revisions\/1473"}],"wp:attachment":[{"href":"https:\/\/www.hsg-werratal05.de\/index.php?rest_route=%2Fwp%2Fv2%2Fmedia&parent=10"}],"curies":[{"name":"wp","href":"https:\/\/api.w.org\/{rel}","templated":true}]}}